{"id":290,"date":"2024-02-16T15:19:30","date_gmt":"2024-02-16T18:19:30","guid":{"rendered":"https:\/\/jupisa.net\/site\/?page_id=290"},"modified":"2024-03-05T15:41:19","modified_gmt":"2024-03-05T18:41:19","slug":"visione","status":"publish","type":"page","link":"https:\/\/jupisa.net\/site\/portfolio\/visione\/","title":{"rendered":"VisiOne"},"content":{"rendered":"\n<div class=\"wp-block-columns is-layout-flex wp-container-core-columns-is-layout-9d6595d7 wp-block-columns-is-layout-flex\">\n<div class=\"wp-block-column is-layout-flow wp-block-column-is-layout-flow\" style=\"flex-basis:33.33%\">\n<h5 class=\"wp-block-heading has-nv-c-1-color has-text-color has-link-color wp-elements-21b79f4689ebceb468f0fd359b3efad0\">UX\/UI &#8211; StartBio<\/h5>\n\n\n\n<h2 class=\"wp-block-heading has-nv-c-2-color has-text-color has-link-color wp-elements-c1230ba3c1b2d892770a2f6bc0dc805a\">Desafio<\/h2>\n\n\n\n<p>Interface para um teste de vis\u00e3o (e a cria\u00e7\u00e3o do logotipo) para o site de uma \u00f3tica.<\/p>\n<\/div>\n\n\n\n<div class=\"wp-block-column is-layout-flow wp-block-column-is-layout-flow\" style=\"flex-basis:66.66%\"><div class=\"wp-block-image\">\n<figure class=\"aligncenter size-full is-resized\"><img fetchpriority=\"high\" decoding=\"async\" width=\"200\" height=\"400\" src=\"https:\/\/jupisa.net\/site\/wp-content\/uploads\/2024\/02\/visione-2.png\" alt=\"\" class=\"wp-image-380\" style=\"width:167px;height:auto\" srcset=\"https:\/\/jupisa.net\/site\/wp-content\/uploads\/2024\/02\/visione-2.png 200w, https:\/\/jupisa.net\/site\/wp-content\/uploads\/2024\/02\/visione-2-150x300.png 150w\" sizes=\"(max-width: 200px) 100vw, 200px\" \/><\/figure>\n<\/div><\/div>\n<\/div>\n\n\n\n<hr class=\"wp-block-separator has-text-color has-nv-light-bg-color has-alpha-channel-opacity has-nv-light-bg-background-color has-background is-style-default\"\/>\n\n\n\n<h2 class=\"wp-block-heading has-nv-c-2-color has-text-color has-link-color wp-elements-e82e32153689bcd82f8ee7259423aa1e\">Processo<\/h2>\n\n\n\n<h4 class=\"wp-block-heading has-neve-link-hover-color-color has-text-color has-link-color wp-elements-5a0dbefa6455680f055a94a9fb0ade8b\">Pesquisa<\/h4>\n\n\n\n<div class=\"wp-block-columns is-layout-flex wp-container-core-columns-is-layout-9d6595d7 wp-block-columns-is-layout-flex\">\n<div class=\"wp-block-column is-layout-flow wp-block-column-is-layout-flow\" style=\"flex-basis:33.33%\">\n<p>Foi feita uma pesquisa inicial, analisando concorrentes e entrevista com 3 clientes da loja. A partir disso foi criada a persona.<\/p>\n<\/div>\n\n\n\n<div class=\"wp-block-column is-layout-flow wp-block-column-is-layout-flow\" style=\"flex-basis:66.66%\">\n<figure class=\"wp-block-gallery has-nested-images columns-default is-cropped wp-block-gallery-1 is-layout-flex wp-block-gallery-is-layout-flex\">\n<figure class=\"wp-block-image size-large\"><img decoding=\"async\" width=\"1024\" height=\"640\" data-id=\"318\" src=\"https:\/\/jupisa.net\/site\/wp-content\/uploads\/2024\/02\/Benchmark-1024x640.png\" alt=\"\" class=\"wp-image-318\" srcset=\"https:\/\/jupisa.net\/site\/wp-content\/uploads\/2024\/02\/Benchmark-1024x640.png 1024w, https:\/\/jupisa.net\/site\/wp-content\/uploads\/2024\/02\/Benchmark-300x188.png 300w, https:\/\/jupisa.net\/site\/wp-content\/uploads\/2024\/02\/Benchmark-768x480.png 768w, https:\/\/jupisa.net\/site\/wp-content\/uploads\/2024\/02\/Benchmark.png 1280w\" sizes=\"(max-width: 1024px) 100vw, 1024px\" \/><figcaption class=\"wp-element-caption\">Principais concorrentes<\/figcaption><\/figure>\n\n\n\n<figure class=\"wp-block-image size-large\"><img decoding=\"async\" width=\"1024\" height=\"640\" data-id=\"319\" src=\"https:\/\/jupisa.net\/site\/wp-content\/uploads\/2024\/02\/Persona-1024x640.png\" alt=\"\" class=\"wp-image-319\" srcset=\"https:\/\/jupisa.net\/site\/wp-content\/uploads\/2024\/02\/Persona-1024x640.png 1024w, https:\/\/jupisa.net\/site\/wp-content\/uploads\/2024\/02\/Persona-300x188.png 300w, https:\/\/jupisa.net\/site\/wp-content\/uploads\/2024\/02\/Persona-768x480.png 768w, https:\/\/jupisa.net\/site\/wp-content\/uploads\/2024\/02\/Persona.png 1280w\" sizes=\"(max-width: 1024px) 100vw, 1024px\" \/><figcaption class=\"wp-element-caption\">Persona<\/figcaption><\/figure>\n<\/figure>\n<\/div>\n<\/div>\n\n\n\n<figure class=\"wp-block-pullquote has-border-color\" style=\"border-color:var(--nv-light-bg);border-width:1px;font-style:italic;font-weight:400\"><blockquote><p>Depois que me apaixono pelos \u00f3culos, gostaria de saber se preciso ir ao oftalmologista antes de mandar fazer as lentes.<\/p><cite>J\u00e9ssica Fernandes, cliente da \u00f3tica<\/cite><\/blockquote><\/figure>\n\n\n\n<h4 class=\"wp-block-heading has-neve-link-hover-color-color has-text-color has-link-color wp-elements-a6f6b611a27760857847a72d83f88374\">Idea\u00e7\u00e3o<\/h4>\n\n\n\n<div class=\"wp-block-columns is-layout-flex wp-container-core-columns-is-layout-9d6595d7 wp-block-columns-is-layout-flex\">\n<div class=\"wp-block-column is-layout-flow wp-block-column-is-layout-flow\">\n<p>Com bases nas informa\u00e7\u00f5es da pesquisa, foram definidos os diferenciais, nome do produto, logotipo de paleta de cores.<\/p>\n\n\n\n<p>O principal objetivo do teste \u00e9 ajudar os clientes da loja e fazer a captura de leads de novos clientes. <\/p>\n\n\n\n<p>Para os clientes cadastrados, \u00e9 enviado um Whats App com o resultado de todos os testes e uma consultoria sobre os \u00f3culos indicado para o  formato de rosto do cliente.<\/p>\n<\/div>\n\n\n\n<div class=\"wp-block-column is-layout-flow wp-block-column-is-layout-flow\">\n<figure class=\"wp-block-image size-large\"><img loading=\"lazy\" decoding=\"async\" width=\"1024\" height=\"640\" src=\"https:\/\/jupisa.net\/site\/wp-content\/uploads\/2024\/02\/Elementos-e-logo-1024x640.png\" alt=\"\" class=\"wp-image-320\" srcset=\"https:\/\/jupisa.net\/site\/wp-content\/uploads\/2024\/02\/Elementos-e-logo-1024x640.png 1024w, https:\/\/jupisa.net\/site\/wp-content\/uploads\/2024\/02\/Elementos-e-logo-300x188.png 300w, https:\/\/jupisa.net\/site\/wp-content\/uploads\/2024\/02\/Elementos-e-logo-768x480.png 768w, https:\/\/jupisa.net\/site\/wp-content\/uploads\/2024\/02\/Elementos-e-logo.png 1280w\" sizes=\"(max-width: 1024px) 100vw, 1024px\" \/><figcaption class=\"wp-element-caption\">Principais elementos gr\u00e1ficos e  estilos<\/figcaption><\/figure>\n<\/div>\n<\/div>\n\n\n\n<h4 class=\"wp-block-heading has-neve-link-hover-color-color has-text-color has-link-color wp-elements-777b7a0a22befd5fad9f100ae368c251\">Prot\u00f3tipo<\/h4>\n\n\n\n<div class=\"wp-block-essential-blocks-image-gallery\"><div class=\"eb-parent-wrapper eb-parent-eb-image-gallery-mmfge \"><div class=\"eb-gallery-img-wrapper eb-image-gallery-mmfge grid overlay-bottom caption-style-0   no-isotope \" data-id=\"eb-image-gallery-mmfge\"><a href=\"https:\/\/jupisa.net\/site\/wp-content\/uploads\/2024\/02\/Captura-de-tela-2024-02-19-144012.png\" id=\"eb-gallery-img-content\" data-fslightbox=\"gallery\" data-type=\"image\" class=\"eb-gallery-img-content eb-filter-img-\" rel=\"noopener\"><span class=\"eb-gallery-link-wrapper\"><img decoding=\"async\" class=\"eb-gallery-img\" src=\"https:\/\/jupisa.net\/site\/wp-content\/uploads\/2024\/02\/Captura-de-tela-2024-02-19-144012.png\" image-index=\"0\" alt=\"\"\/><\/span><\/a><a href=\"https:\/\/jupisa.net\/site\/wp-content\/uploads\/2024\/02\/Inicio-1.png\" id=\"eb-gallery-img-content\" data-fslightbox=\"gallery\" data-type=\"image\" class=\"eb-gallery-img-content eb-filter-img-\" rel=\"noopener\"><span class=\"eb-gallery-link-wrapper\"><img decoding=\"async\" class=\"eb-gallery-img\" src=\"https:\/\/jupisa.net\/site\/wp-content\/uploads\/2024\/02\/Inicio-1.png\" image-index=\"1\" alt=\"\"\/><\/span><\/a><a href=\"https:\/\/jupisa.net\/site\/wp-content\/uploads\/2024\/02\/Instrucao-1-1.png\" id=\"eb-gallery-img-content\" data-fslightbox=\"gallery\" data-type=\"image\" class=\"eb-gallery-img-content eb-filter-img-\" rel=\"noopener\"><span class=\"eb-gallery-link-wrapper\"><img decoding=\"async\" class=\"eb-gallery-img\" src=\"https:\/\/jupisa.net\/site\/wp-content\/uploads\/2024\/02\/Instrucao-1-1.png\" image-index=\"2\" alt=\"\"\/><\/span><\/a><a href=\"https:\/\/jupisa.net\/site\/wp-content\/uploads\/2024\/02\/Tutorial-2.png\" id=\"eb-gallery-img-content\" data-fslightbox=\"gallery\" data-type=\"image\" class=\"eb-gallery-img-content eb-filter-img-\" rel=\"noopener\"><span class=\"eb-gallery-link-wrapper\"><img decoding=\"async\" class=\"eb-gallery-img\" src=\"https:\/\/jupisa.net\/site\/wp-content\/uploads\/2024\/02\/Tutorial-2.png\" image-index=\"3\" alt=\"\"\/><\/span><\/a><a href=\"https:\/\/jupisa.net\/site\/wp-content\/uploads\/2024\/02\/Tutorial-3.png\" id=\"eb-gallery-img-content\" data-fslightbox=\"gallery\" data-type=\"image\" class=\"eb-gallery-img-content eb-filter-img-\" rel=\"noopener\"><span class=\"eb-gallery-link-wrapper\"><img decoding=\"async\" class=\"eb-gallery-img\" src=\"https:\/\/jupisa.net\/site\/wp-content\/uploads\/2024\/02\/Tutorial-3.png\" image-index=\"4\" alt=\"\"\/><\/span><\/a><a href=\"https:\/\/jupisa.net\/site\/wp-content\/uploads\/2024\/02\/Instruct-teste-4.png\" id=\"eb-gallery-img-content\" data-fslightbox=\"gallery\" data-type=\"image\" class=\"eb-gallery-img-content eb-filter-img-\" rel=\"noopener\"><span class=\"eb-gallery-link-wrapper\"><img decoding=\"async\" class=\"eb-gallery-img\" src=\"https:\/\/jupisa.net\/site\/wp-content\/uploads\/2024\/02\/Instruct-teste-4.png\" image-index=\"5\" alt=\"\"\/><\/span><\/a><a href=\"https:\/\/jupisa.net\/site\/wp-content\/uploads\/2024\/02\/Resultado-1.png\" id=\"eb-gallery-img-content\" data-fslightbox=\"gallery\" data-type=\"image\" class=\"eb-gallery-img-content eb-filter-img-\" rel=\"noopener\"><span class=\"eb-gallery-link-wrapper\"><img decoding=\"async\" class=\"eb-gallery-img\" src=\"https:\/\/jupisa.net\/site\/wp-content\/uploads\/2024\/02\/Resultado-1.png\" image-index=\"6\" alt=\"\"\/><\/span><\/a><a href=\"https:\/\/jupisa.net\/site\/wp-content\/uploads\/2024\/02\/Instrucao-2.png\" id=\"eb-gallery-img-content\" data-fslightbox=\"gallery\" data-type=\"image\" class=\"eb-gallery-img-content eb-filter-img-\" rel=\"noopener\"><span class=\"eb-gallery-link-wrapper\"><img decoding=\"async\" class=\"eb-gallery-img\" src=\"https:\/\/jupisa.net\/site\/wp-content\/uploads\/2024\/02\/Instrucao-2.png\" image-index=\"7\" alt=\"\"\/><\/span><\/a><a href=\"https:\/\/jupisa.net\/site\/wp-content\/uploads\/2024\/02\/Teste-errado.png\" id=\"eb-gallery-img-content\" data-fslightbox=\"gallery\" data-type=\"image\" class=\"eb-gallery-img-content eb-filter-img-\" rel=\"noopener\"><span class=\"eb-gallery-link-wrapper\"><img decoding=\"async\" class=\"eb-gallery-img\" src=\"https:\/\/jupisa.net\/site\/wp-content\/uploads\/2024\/02\/Teste-errado.png\" image-index=\"8\" alt=\"\"\/><\/span><\/a><a href=\"https:\/\/jupisa.net\/site\/wp-content\/uploads\/2024\/02\/Contato-1-\u2013-1.png\" id=\"eb-gallery-img-content\" data-fslightbox=\"gallery\" data-type=\"image\" class=\"eb-gallery-img-content eb-filter-img-\" rel=\"noopener\"><span class=\"eb-gallery-link-wrapper\"><img decoding=\"async\" class=\"eb-gallery-img\" src=\"https:\/\/jupisa.net\/site\/wp-content\/uploads\/2024\/02\/Contato-1-\u2013-1.png\" image-index=\"9\" alt=\"\"\/><\/span><\/a><a href=\"https:\/\/jupisa.net\/site\/wp-content\/uploads\/2024\/02\/Contato-1-\u2013-2.png\" id=\"eb-gallery-img-content\" data-fslightbox=\"gallery\" data-type=\"image\" class=\"eb-gallery-img-content eb-filter-img-\" rel=\"noopener\"><span class=\"eb-gallery-link-wrapper\"><img decoding=\"async\" class=\"eb-gallery-img\" src=\"https:\/\/jupisa.net\/site\/wp-content\/uploads\/2024\/02\/Contato-1-\u2013-2.png\" image-index=\"10\" alt=\"\"\/><\/span><\/a><\/div><\/div><\/div>\n\n\n\n<p>O prot\u00f3tipo foi entregue com os c\u00f3digos de desenvolvimento (CSS, fonts e assets) para o desenvolvimento. Para acompanhar as itera\u00e7\u00f5es no desenvovimento, foi sugerido o uso de c\u00f3digos do hotjar e Google Analytics, al\u00e9m de testes presenciais com usu\u00e1rios.<\/p>\n","protected":false},"excerpt":{"rendered":"<p>UX\/UI &#8211; StartBio Desafio Interface para um teste de vis\u00e3o (e a cria\u00e7\u00e3o do logotipo) para o site de uma \u00f3tica. Processo Pesquisa Foi feita uma pesquisa inicial, analisando concorrentes e entrevista com 3 clientes da loja. A partir disso foi criada a persona. Depois que me apaixono pelos \u00f3culos, gostaria de saber se preciso&hellip;&nbsp;<a href=\"https:\/\/jupisa.net\/site\/portfolio\/visione\/\" class=\"\" rel=\"bookmark\">Continue a ler &raquo;<span class=\"screen-reader-text\">VisiOne<\/span><\/a><\/p>\n","protected":false},"author":1,"featured_media":317,"parent":512,"menu_order":0,"comment_status":"closed","ping_status":"closed","template":"","meta":{"_eb_attr":"","neve_meta_sidebar":"","neve_meta_container":"","neve_meta_enable_content_width":"","neve_meta_content_width":0,"neve_meta_title_alignment":"","neve_meta_author_avatar":"","neve_post_elements_order":"","neve_meta_disable_header":"","neve_meta_disable_footer":"","neve_meta_disable_title":"","footnotes":""},"class_list":["post-290","page","type-page","status-publish","has-post-thumbnail","hentry"],"_links":{"self":[{"href":"https:\/\/jupisa.net\/site\/wp-json\/wp\/v2\/pages\/290","targetHints":{"allow":["GET"]}}],"collection":[{"href":"https:\/\/jupisa.net\/site\/wp-json\/wp\/v2\/pages"}],"about":[{"href":"https:\/\/jupisa.net\/site\/wp-json\/wp\/v2\/types\/page"}],"author":[{"embeddable":true,"href":"https:\/\/jupisa.net\/site\/wp-json\/wp\/v2\/users\/1"}],"replies":[{"embeddable":true,"href":"https:\/\/jupisa.net\/site\/wp-json\/wp\/v2\/comments?post=290"}],"version-history":[{"count":7,"href":"https:\/\/jupisa.net\/site\/wp-json\/wp\/v2\/pages\/290\/revisions"}],"predecessor-version":[{"id":546,"href":"https:\/\/jupisa.net\/site\/wp-json\/wp\/v2\/pages\/290\/revisions\/546"}],"up":[{"embeddable":true,"href":"https:\/\/jupisa.net\/site\/wp-json\/wp\/v2\/pages\/512"}],"wp:featuredmedia":[{"embeddable":true,"href":"https:\/\/jupisa.net\/site\/wp-json\/wp\/v2\/media\/317"}],"wp:attachment":[{"href":"https:\/\/jupisa.net\/site\/wp-json\/wp\/v2\/media?parent=290"}],"curies":[{"name":"wp","href":"https:\/\/api.w.org\/{rel}","templated":true}]}}